{"id":1599,"date":"2024-03-13T19:29:46","date_gmt":"2024-03-13T19:29:46","guid":{"rendered":"https:\/\/marinomiel.com\/?post_type=product&#038;p=1599"},"modified":"2024-10-03T19:49:43","modified_gmt":"2024-10-03T23:49:43","slug":"miel-de-abeja-pura-y-natural-1-kg","status":"publish","type":"product","link":"https:\/\/stradamiel.com\/?product=miel-de-abeja-pura-y-natural-1-kg","title":{"rendered":"Miel de Abeja Multiflora Pura y Natural 1.4 Kg"},"content":{"rendered":"<p>Descubre el sabor aut\u00e9ntico de la naturaleza con nuestra Miel Natural y Pura de Abejas. Recolectada de colmenas ubicadas en pr\u00edstinos entornos naturales, nuestra miel es un tributo a la tradici\u00f3n ap\u00edcola y al compromiso con la sostenibilidad. Cada frasco captura la esencia pura de las flores silvestres, ofreciendo un sabor que es a la vez rico y sutilmente complejo.<\/p>\n<p><strong>Caracter\u00edsticas Destacadas:<\/strong><\/p>\n<ul>\n<li><strong>100% Pura y Natural:<\/strong> Sin aditivos, sin conservantes ni az\u00facares a\u00f1adidos. Lo que obtienes es simplemente miel en su forma m\u00e1s pura.<\/li>\n<li><strong>Origen \u00c9tico y Sostenible:<\/strong> Directamente de apicultores que practican m\u00e9todos de cosecha respetuosos con el medio ambiente y las abejas.<\/li>\n<li><strong>Perfil de Sabor Rico y Complejo:<\/strong> Nuestra miel var\u00eda de suave y dulce a intensamente arom\u00e1tica, dependiendo de las flores de las que se recolecta el n\u00e9ctar.<\/li>\n<li><strong>Beneficios para la Salud:<\/strong> Naturalmente rica en antioxidantes, enzimas y nutrientes esenciales, nuestra miel es un edulcorante saludable que tambi\u00e9n apoya tu bienestar general.<\/li>\n<\/ul>\n<p><strong>Perfecta para:<\/strong><\/p>\n<ul>\n<li>Endulzar t\u00e9s, caf\u00e9s y otras bebidas sin procesar.<\/li>\n<li>Acompa\u00f1ante ideal para quesos, yogures y como cobertura para panes y pasteles.<\/li>\n<li>Un ingrediente estrella en la cocina, excelente para marinadas, aderezos y glaseados.<\/li>\n<li>Remedios caseros para suavizar la garganta y mejorar la digesti\u00f3n.<\/li>\n<\/ul>\n<p><strong>Compromiso con la Calidad:<\/strong> Cada lote de miel es cuidadosamente inspeccionado para garantizar su pureza y calidad. Nuestra miel no se procesa en exceso; se filtra suavemente para preservar sus cualidades naturales y beneficiosas.<\/p>\n<p>Emb\u00e1rcate en un viaje de sabor y descubre por qu\u00e9 nuestra Miel Natural y Pura de Abejas no es solo un alimento, sino una experiencia que te reconecta con la naturaleza. \u00a1Pru\u00e9bala hoy y siente la diferencia que solo la miel genuina puede ofrecer!<\/p>\n","protected":false},"excerpt":{"rendered":"<p>Miel de Abeja Multiflora Pura y Natural 1.4 Kg<\/p>\n","protected":false},"featured_media":1950,"template":"","meta":{"nf_dc_page":""},"product_brand":[],"product_cat":[66],"product_tag":[97,98,99,100,101,75,71,74,72,73,76,78,79,77,96,95],"class_list":{"0":"post-1599","1":"product","2":"type-product","3":"status-publish","4":"has-post-thumbnail","6":"product_cat-specialty-honey","7":"product_tag-comprar-miel-de-abeja-pura","8":"product_tag-comprar-miel-en-mexico","9":"product_tag-comprar-miel-en-mexico-online","10":"product_tag-comprar-miel-en-mexico-por-internet","11":"product_tag-donde-comprar-miel-de-abeja-pura-y-natural","12":"product_tag-miel","13":"product_tag-miel-de-abeja","14":"product_tag-miel-de-abeja-500-g","15":"product_tag-miel-de-abeja-natural","16":"product_tag-miel-de-abeja-pura","17":"product_tag-miel-para-endulzar","18":"product_tag-miel-saludable","19":"product_tag-propiedades-de-la-miel","20":"product_tag-substituto-de-azucar","21":"product_tag-venta-de-miel-de-abaja-natural","22":"product_tag-venta-de-miel-por-internet","23":"pif-has-gallery","25":"first","26":"instock","27":"shipping-taxable","28":"purchasable","29":"product-type-simple"},"_links":{"self":[{"href":"https:\/\/stradamiel.com\/index.php?rest_route=\/wp\/v2\/product\/1599","targetHints":{"allow":["GET"]}}],"collection":[{"href":"https:\/\/stradamiel.com\/index.php?rest_route=\/wp\/v2\/product"}],"about":[{"href":"https:\/\/stradamiel.com\/index.php?rest_route=\/wp\/v2\/types\/product"}],"wp:featuredmedia":[{"embeddable":true,"href":"https:\/\/stradamiel.com\/index.php?rest_route=\/wp\/v2\/media\/1950"}],"wp:attachment":[{"href":"https:\/\/stradamiel.com\/index.php?rest_route=%2Fwp%2Fv2%2Fmedia&parent=1599"}],"wp:term":[{"taxonomy":"product_brand","embeddable":true,"href":"https:\/\/stradamiel.com\/index.php?rest_route=%2Fwp%2Fv2%2Fproduct_brand&post=1599"},{"taxonomy":"product_cat","embeddable":true,"href":"https:\/\/stradamiel.com\/index.php?rest_route=%2Fwp%2Fv2%2Fproduct_cat&post=1599"},{"taxonomy":"product_tag","embeddable":true,"href":"https:\/\/stradamiel.com\/index.php?rest_route=%2Fwp%2Fv2%2Fproduct_tag&post=1599"}],"curies":[{"name":"wp","href":"https:\/\/api.w.org\/{rel}","templated":true}]}}